= 0, -4*c + 93 + s = 3*y. What is the remainder when 206 is divided by c?
6
What is the remainder when 719 is divided by -4*(90/120)/(1/(17/(-3)))?
5
Suppose -11*t + 410 = -9*t. Let a = 226 - t. Suppose 3*q = -3*h + 5*q + 27, -2*h = -2*q - 16. Calculate the remainder when a is divided by h.
10
Let h = -51 - -76. Suppose 2*a - 20 = -3*c + 3, -3*a + 17 = 2*c. Calculate the remainder when h is divided by c.
4
Suppose 74*a = 64*a + 20. Suppose 4*t - 3*i = 63, -a*t - 5*i = -0 + 1. What is the remainder when t is divided by 8?
4
Suppose 84*r + 1329 = 89*r + z, 5*r + 3*z = 1317. Calculate the remainder when r is divided by 36.
15
What is the remainder when 688 is divided by (2 - 1) + (-4216)/(-544)*(89 - 1)?
5
Let s = -14 - -29. Suppose -l - 3 = 4*q + q, 2*l + 3*q - s = 0. Calculate the remainder when 1110/50 + (-9)/((-180)/16) is divided by l.
11
Let n(q) = 113*q**2 + 91*q - 4. What is the remainder when 1044 is divided by n(-2)?
246
Suppose t - 224 = 18*m - 19*m, -4*m - 2*t + 898 = 0. What is the remainder when m is divided by 225?
0
Let m(u) = 2*u**3 - 35*u**2 + 138*u + 97. Let z(j) = 4*j**2 + j + 1. What is the remainder when m(11) is divided by z(2)?
4
Let z = 612 - 602. Suppose 4*h - 9*i + z*i = 197, h = 5*i + 23. Calculate the remainder when 95 is divided by h.
47
Suppose 301 = 5*n - 9. Suppose 0*s - 4*r + n = 3*s, -3*r - 3 = 0. Let v(h) = -51*h + 114. What is the remainder when s is divided by v(2)?
10
Suppose 222*g - 1694 = 82. Calculate the remainder when 1035 is divided by g.
3
What is the remainder when 315 is divided by (-2 - 1)*(-18 + -7)?
15
Let q be -3 + ((-2)/1 + -9 - 1). Let s(x) = x**2 - 5*x - 1. Let m be s(3). What is the remainder when ((-3)/q)/(m/(-665)) is divided by 5?
4
Let c(g) = 67*g - 2676. What is the remainder when c(45) is divided by 112?
3
Suppose -4*t = 5*z - 90 - 177, 0 = 5*t + z - 339. Calculate the remainder when 355 is divided by t.
15
Suppose 5042*m = 5041*m + 4, 5*t - 1993 = -2*m. Calculate the remainder when 1000 is divided by t.
206
Suppose 0 = 8*o - 379 + 147. Let j = o - 19. Let l = 11 - -7. Calculate the remainder when l is divided by j.
8
Let w be (-459)/(-15) - (-4)/10. Suppose -6*v + w = -5. What is the remainder when 24 is divided by v?
0
Suppose 23*l - 29*l + 96 = 0. Suppose 5*s = -1 + l. Suppose -q - 3*q = -5*u + 117, -u = s*q - 12. Calculate the remainder when u is divided by 11.
10
Let s(x) = 39*x**2 + 6*x + 2. Let l(p) = -p**2 + 15*p - 1. Let j be l(15). Let f(t) = t**2 - t - 1. Calculate the remainder when s(j) is divided by f(-4).
16
Let b(g) be the first derivative of -g**4/4 + 17*g**3/3 - 9*g**2 - 23*g - 36. What is the remainder when b(14) is divided by 81?
70
Suppose 2*g = -4*f + 84 + 120, 2*g + 5*f = 201. Suppose l + l = g. Calculate the remainder when l is divided by 37.
17
Let l(m) = 246*m + 1513. Calculate the remainder when 1593 is divided by l(-4).
6
Let a(n) = n**3 - 8*n**2 - n - 4. Let g be a(7). Let p = g + 52. Let w(x) = -x**2 - 12*x - 1. Calculate the remainder when 154 is divided by w(p).
30
Let o(c) = 7*c - 50. Let m be o(7). Let v = 8 + m. Suppose v*j - 8 = 6. What is the remainder when 15 is divided by j?
1
Let g = 4556 - 4429. What is the remainder when 2158 is divided by g?
126
Let n(y) = y + 3*y - 9 - 15 + 2*y. Let g = -66 - -68. What is the remainder when n(9) is divided by g?
0
Suppose 5*o - 300 = -165. Calculate the remainder when o is divided by (15/(-9))/5*-18.
3
Suppose 4*k + 20*k + 587 - 1883 = 0. Calculate the remainder when 487 is divided by k.
1
Suppose -9 = n - 5*w - 3, 0 = -2*n + 2*w - 28. Let d(o) = -o + 22. What is the remainder when 6/4 - (-8 + (-250)/4) is divided by d(n)?
34
Let l = 8951 + -8838. What is the remainder when l is divided by 82?
31
Let w(v) = -v**3 + 9*v**2 - 14*v - 1. Suppose -n + 13 = 2*d, -d + 4*n + 3 = 2*d. What is the remainder when 49 is divided by w(d)?
20
Let o(f) = f**2 + 6*f - 9. Suppose -4*n - 10 = -q, 7*q = 9*q + 5*n - 98. What is the remainder when o(14) is divided by q?
33
What is the remainder when 217 is divided by 15 + 2/(-2)*2?
9
Let l(n) = -n**2 + 24*n + 7. Let o be l(27). Let d = o - -112. What is the remainder when 264 is divided by d?
36
Suppose -81 - 319 = -8*l. What is the remainder when 211 is divided by l?
11
Let k = 772 - 455. Let p = -228 + k. What is the remainder when p is divided by 25?
14
Let p(r) = 3*r**2 + 3*r - 9. Let c be p(-4). Let d be (c - 28)/((-2)/62). Suppose -32*a + 8 = -d*a. Calculate the remainder when 30 is divided by a.
6
Suppose q - z = -20 + 5607, q - 5581 = -2*z. What is the remainder when q is divided by 43?
38
Let u be (-30760)/(-85) + (-24)/(-204). Suppose -12*m + u = 74. What is the remainder when 76 is divided by m?
4
Suppose -83*d - 7543 + 164403 = 27*d. Calculate the remainder when d is divided by 29.
5
Let z = -19 - -25. Suppose 2*g + 2*g = 52. Let l = g - z. Calculate the remainder when 40 is divided by l.
5
Let j = -103 - -103. Suppose j*p + 2*p + h - 11 = 0, 4*h = -4. What is the remainder when 23 is divided by p?
5
Let i(q) = -q**3 - 36*q**2 - 98*q + 33. Let s be i(-33). Suppose s = 7*z - 199 + 52. What is the remainder when 77 is divided by z?
14
Let i(x) = 2*x**3 - 55*x**2 + 25*x + 78. Let f(v) = 0*v**2 + 0*v**3 - 3*v + 1 - 5*v**2 - 4 + v**3. What is the remainder when i(27) is divided by f(6)?
9
Let g be (-4)/(-8)*-2*-49. Suppose 35 + g = 7*h. Let c(u) = 46*u + 1. What is the remainder when c(2) is divided by h?
9
Let j(a) = 9*a**2 - 152*a + 828. What is the remainder when j(6) is divided by 66?
42
Suppose 3*n - 5*q - 55 = -2*n, -37 = -3*n + 5*q. What is the remainder when 220 is divided by (n/(-27))/(2*(-1)/78)?
12
Let s = -223 - -252. Suppose s*g - 2560 = -3*g. What is the remainder when g is divided by 23?
11
Let z(f) = -3*f - 1. Let q(s) = -27*s - 177. Let v(m) = -q(m) + 4*z(m). What is the remainder when v(13) is divided by 12?
8
Let m = 966 + -908. Suppose 11*j - 65 = 6*j. What is the remainder when m is divided by j?
6
Let o(n) = 2*n**2 + 6*n - 6. Let i be o(2). What is the remainder when (-2 + 4)*1 + 55 is divided by (11 - i)*(-5 - -1)?
9
Suppose -423*i = -111*i - 18298 - 3230. Let j = 3 + -9. Calculate the remainder when i is divided by 4*2*j/(-4).
9
Let l(r) = -40*r - 3828. What is the remainder when 215 is divided by l(-96)?
11
Suppose 0 = -2*o + 5*o - 3*l - 141, 94 = 2*o - l. Calculate the remainder when 695 is divided by o.
37
Let r = -401 - -406. Suppose -4*d - 4*z = -260, r*d + 32*z = 35*z + 317. What is the remainder when 317 is divided by d?
61
Let h(a) = -a**3 + 23*a**2 + 26*a - 53. Let s be h(24). What is the remainder when ((-85)/15 - s)*159/(-2) is divided by 27?
26
Let c = -40 + 35. Let i(a) = 5*a + 3. Let b be i(c). Let r = b + 24. Calculate the remainder when 2 is divided by r.
0
Let t = 11143 + -11043. Calculate the remainder when 9399 is divided by t.
99
Suppose 44*a + 54*a = -71*a + 100893. Calculate the remainder when a is divided by 151.
144
Let j(v) = -2*v**2 - 82*v - 10. Suppose -a - 45 = 3*i, -a - 2*i = -4*i + 35. Calculate the remainder when j(a) is divided by 15.
11
Suppose -11*t - 18 = -7. Calculate the remainder when 76 is divided by (-2 + 0)*2 - 25/t.
13
Suppose 24 = 2*k - 0. Suppose -4 = d - k. Suppose d + 3 = p. What is the remainder when 31 is divided by p?
9
Suppose -933 - 31 = -4*g + 4*u, 5*g = 2*u + 1202. Let f be (-2 - 0)/((-24)/g). Let q = f - -22. Calculate the remainder when q is divided by 11.
9
Suppose -45 = 7*v - 3. Let q = 6 + v. Suppose q = -6*z + 59 + 469. What is the remainder when z is divided by 31?
26
Let m = 1007 - 988. Let l(t) = -9*t - 16. Calculate the remainder when l(-10) is divided by m.
17
Suppose 7*l - j + 446 = 3*l, 0 = -5*l + 2*j - 559. Let f = l + 151. Calculate the remainder when ((-930)/f)/(2/(-16)) - -3 is divided by 16.
13
Let h(r) = -7*r - 13. Let d(t) = 6*t + 10. Let p(x) = -6*d(x) - 5*h(x). What is the remainder when 24 is divided by p(-2)?
3
Let w = 84 + 2033. Calculate the remainder when w is divided by 10.
7
Let n(m) = -m**3 - 28*m**2 - 153*m + 10. What is the remainder when n(-6) is divided by (2/(-5) - -4)*10?
28
Let w(v) = -v**3 - 11*v**2 + 4*v + 113. What is the remainder when w(-12) is divided by 18?
11
Let o = 639 - 421. What is the remainder when o is divided by ((-37)/(2109/(-2090)))/((-10)